{"id":2,"date":"2022-12-08T23:21:07","date_gmt":"2022-12-08T22:21:07","guid":{"rendered":"http:\/\/innyslask.pl\/?page_id=2"},"modified":"2023-01-08T17:02:50","modified_gmt":"2023-01-08T16:02:50","slug":"przykladowa-strona","status":"publish","type":"page","link":"https:\/\/innyslask.pl\/?page_id=2","title":{"rendered":"O Galerii"},"content":{"rendered":"\n<figure class=\"wp-block-pullquote alignwide has-large-font-size\" style=\"border-radius:0px\"><blockquote><p>Maksyma zawarta w nazwie Galerii jest aktualna tak\u017ce dzisiaj.<\/p><\/blockquote><\/figure>\n\n\n\n<p>Galeria sztuki &#8220;Inny \u015al\u0105sk&#8221; zosta\u0142a za\u0142o\u017cona przez Krzysztofa Mazika w Tarnowskich G\u00f3rach w 1990 roku. Jest to jedna z najstarszych prywatnych galerii sztuki w Polsce, kt\u00f3ra dzia\u0142a nieprzerwanie. Galeria mie\u015bci si\u0119 w po\u0142udniowej cz\u0119\u015bci budynku dawnej fabryki mebli Carla Dominika. Wystr\u00f3j pomieszcze\u0144 jest dzie\u0142em Marka Wro\u0144skiego oraz Wernera Lubosa. <br><br>Galeria jest \u017cywym miejscem spotka\u0144 otwartym na wszystkie formy sztuki. <br>W jej przestrzeniach jest realizowane jest oko\u0142o 10 wystaw rocznie, ze szczeg\u00f3lnym uwzgl\u0119dnieniem panoramy artyst\u00f3w ze \u015al\u0105ska. Dominuj\u0105 indywidualne wystawy malarstwa i fotografii. Poza dzia\u0142alno\u015bci\u0105 wystawiennicz\u0105, w organizowane s\u0105 tak\u017ce spotkania literackie, pokazy filmowe, koncerty (dominuj\u0105 jazz, blues, rock) i debaty wok\u00f3\u0142 wa\u017cnych spraw spo\u0142ecznych dla miasta i regionu. To tak\u017ce miejsce o walorach edukacyjnych, z kt\u00f3rego korzystaj\u0105 uczniowie tarnog\u00f3rskich szk\u00f3\u0142. <\/p>\n\n\n\n<p>W Galerii swoje prace prezentowali m.in.: Roman Nowotarski, Joanna Furgali\u0144ska, Aleksandra Kozera, Edward Inglot, Pavel Hlavaty, Andrzej Tobis.<\/p>\n\n\n\n<p class=\"has-link-color wp-elements-a5af124c7f28b4fb7c9de49352f64f51\">W\u015br\u00f3d muzyk\u00f3w, kt\u00f3rzy wyst\u0119powali w Galerii mo\u017cna wymieni\u0107 tw\u00f3rc\u00f3w takich jak: Antoni Gralak, Wojciech Karolak, Leszek Mo\u017cd\u017cer, Krystyna Pro\u0144ko, Tomasz Sta\u0144ko, Krzysztof \u015aciera\u0144ski, Jos\u00e9 Torres, Tymon Tyma\u0144ski.<br><br>Galeria posiada w komisie wiele prac wsp\u00f3\u0142czesnych artyst\u00f3w, zapraszamy do zapoznania si\u0119 z zak\u0142adk\u0105 <a href=\"https:\/\/innyslask.pl\/?page_id=62\" target=\"_blank\" rel=\"noopener\" title=\"\">komis<\/a> lub um\u00f3wienia indywidualnej wizyty.<\/p>\n\n\n\n<figure class=\"wp-block-image size-large\"><img loading=\"lazy\" decoding=\"async\" width=\"1024\" height=\"622\" src=\"http:\/\/innyslask.pl\/wp-content\/uploads\/2022\/12\/Galeria-na-zewnatrz-1024x622.jpeg\" alt=\"\" class=\"wp-image-54\" srcset=\"https:\/\/innyslask.pl\/wp-content\/uploads\/2022\/12\/Galeria-na-zewnatrz-1024x622.jpeg 1024w, https:\/\/innyslask.pl\/wp-content\/uploads\/2022\/12\/Galeria-na-zewnatrz-300x182.jpeg 300w, https:\/\/innyslask.pl\/wp-content\/uploads\/2022\/12\/Galeria-na-zewnatrz-768x467.jpeg 768w, https:\/\/innyslask.pl\/wp-content\/uploads\/2022\/12\/Galeria-na-zewnatrz.jpeg 1507w\" sizes=\"auto, (max-width: 1024px) 100vw, 1024px\" \/><\/figure>\n\n\n\n<p class=\"has-x-large-font-size\">Krzysztof Mazik<\/p>\n\n\n\n<p><em>Urodzony w 1949 w Dzier\u017coniowie. Pomys\u0142odawca i w\u0142a\u015bciciel Galerii Sztuki &#8220;Inny \u015al\u0105sk&#8221;, animator kultury, inicjator niezliczonej ilo\u015bci wystaw, koncert\u00f3w, spotka\u0144 z poetami i niezwyk\u0142ymi postaciami ze \u015bwiata kultury i polityki, felietonista, spo\u0142ecznik, przyjaciel artyst\u00f3w ,\u201ekolorowych ptak\u00f3w\u201d, ludzi. Or\u0119downik wielu arcyciekawych inicjatyw lokalnych min. \u201e<\/em>S<em>zlaku odrestaurowanych pa\u0142acyk\u00f3w i zabytk\u00f3w rodu Donnesmarck\u00f3w\u201d, wolontariusz organizacji pozarz\u0105dowych. Obywatel. Wolny i \u015bwiadomy cz\u0142owiek, kt\u00f3remu nieoboj\u0119tny jest \u015bwiat, kt\u00f3ry go otacza. Mi\u0142o\u015bnik i znawca \u015al\u0105ska i \u015bl\u0105sko\u015bci. Taternik jaskiniowy, czyli groto\u0142az, prywatnie m\u0105\u017c Aleksandry i ojciec tr\u00f3jki doros\u0142ych ju\u017c pociech: dw\u00f3ch c\u00f3rek i syna.<\/em><br><em>Przeczytaj biografi\u0119 Krzysztofa Mazika tak\u017ce na stronie <a href=\"https:\/\/encysol.pl\/es\/encyklopedia\/biogramy\/17577,Mazik-Krzysztof.html\">Encyklopedii Solidarno\u015bci<\/a>.<\/em><\/p>\n\n\n\n<figure class=\"wp-block-gallery alignwide has-nested-images columns-default is-cropped wp-block-gallery-1 is-layout-flex wp-block-gallery-is-layout-flex\">\n<figure class=\"wp-block-image size-large\"><img loading=\"lazy\" decoding=\"async\" width=\"1024\" height=\"740\" data-id=\"64\" src=\"http:\/\/innyslask.pl\/wp-content\/uploads\/2022\/12\/151016-1840-38-1024x740.jpg\" alt=\"\" class=\"wp-image-64\" srcset=\"https:\/\/innyslask.pl\/wp-content\/uploads\/2022\/12\/151016-1840-38-1024x740.jpg 1024w, https:\/\/innyslask.pl\/wp-content\/uploads\/2022\/12\/151016-1840-38-300x217.jpg 300w, https:\/\/innyslask.pl\/wp-content\/uploads\/2022\/12\/151016-1840-38-768x555.jpg 768w, https:\/\/innyslask.pl\/wp-content\/uploads\/2022\/12\/151016-1840-38.jpg 1200w\" sizes=\"auto, (max-width: 1024px) 100vw, 1024px\" \/><figcaption class=\"wp-element-caption\">fot. Adam Walanus<\/figcaption><\/figure>\n\n\n\n<figure class=\"wp-block-image size-large\"><img loading=\"lazy\" decoding=\"async\" width=\"1024\" height=\"735\" data-id=\"66\" src=\"http:\/\/innyslask.pl\/wp-content\/uploads\/2022\/12\/Otwarcie-wystawy-w-Galerii-1024x735.jpg\" alt=\"\" class=\"wp-image-66\" srcset=\"https:\/\/innyslask.pl\/wp-content\/uploads\/2022\/12\/Otwarcie-wystawy-w-Galerii-1024x735.jpg 1024w, https:\/\/innyslask.pl\/wp-content\/uploads\/2022\/12\/Otwarcie-wystawy-w-Galerii-300x215.jpg 300w, https:\/\/innyslask.pl\/wp-content\/uploads\/2022\/12\/Otwarcie-wystawy-w-Galerii-768x551.jpg 768w, https:\/\/innyslask.pl\/wp-content\/uploads\/2022\/12\/Otwarcie-wystawy-w-Galerii.jpg 1200w\" sizes=\"auto, (max-width: 1024px) 100vw, 1024px\" \/><figcaption class=\"wp-element-caption\">fot. Adam Walanus<\/figcaption><\/figure>\n\n\n\n<figure class=\"wp-block-image size-large\"><img loading=\"lazy\" decoding=\"async\" width=\"1024\" height=\"412\" data-id=\"72\" src=\"http:\/\/innyslask.pl\/wp-content\/uploads\/2022\/12\/001-1024x412.jpeg\" alt=\"\" class=\"wp-image-72\" srcset=\"https:\/\/innyslask.pl\/wp-content\/uploads\/2022\/12\/001-1024x412.jpeg 1024w, https:\/\/innyslask.pl\/wp-content\/uploads\/2022\/12\/001-300x121.jpeg 300w, https:\/\/innyslask.pl\/wp-content\/uploads\/2022\/12\/001-768x309.jpeg 768w, https:\/\/innyslask.pl\/wp-content\/uploads\/2022\/12\/001-1536x618.jpeg 1536w, https:\/\/innyslask.pl\/wp-content\/uploads\/2022\/12\/001.jpeg 1600w\" sizes=\"auto, (max-width: 1024px) 100vw, 1024px\" \/><figcaption class=\"wp-element-caption\">fot. Marek Weso\u0142owski <\/figcaption><\/figure>\n\n\n\n<figure class=\"wp-block-image size-large\"><img loading=\"lazy\" decoding=\"async\" width=\"1024\" height=\"683\" data-id=\"71\" src=\"http:\/\/innyslask.pl\/wp-content\/uploads\/2022\/12\/2-1024x683.jpeg\" alt=\"\" class=\"wp-image-71\" srcset=\"https:\/\/innyslask.pl\/wp-content\/uploads\/2022\/12\/2-1024x683.jpeg 1024w, https:\/\/innyslask.pl\/wp-content\/uploads\/2022\/12\/2-300x200.jpeg 300w, https:\/\/innyslask.pl\/wp-content\/uploads\/2022\/12\/2-768x512.jpeg 768w, https:\/\/innyslask.pl\/wp-content\/uploads\/2022\/12\/2.jpeg 1200w\" sizes=\"auto, (max-width: 1024px) 100vw, 1024px\" \/><figcaption class=\"wp-element-caption\">fot. Adam Walanus<\/figcaption><\/figure>\n\n\n\n<figure class=\"wp-block-image size-large\"><img loading=\"lazy\" decoding=\"async\" width=\"1024\" height=\"565\" data-id=\"75\" src=\"http:\/\/innyslask.pl\/wp-content\/uploads\/2022\/12\/009-1024x565.jpeg\" alt=\"\" class=\"wp-image-75\" srcset=\"https:\/\/innyslask.pl\/wp-content\/uploads\/2022\/12\/009-1024x565.jpeg 1024w, https:\/\/innyslask.pl\/wp-content\/uploads\/2022\/12\/009-300x166.jpeg 300w, https:\/\/innyslask.pl\/wp-content\/uploads\/2022\/12\/009-768x424.jpeg 768w, https:\/\/innyslask.pl\/wp-content\/uploads\/2022\/12\/009.jpeg 1444w\" sizes=\"auto, (max-width: 1024px) 100vw, 1024px\" \/><figcaption class=\"wp-element-caption\">fot. Marek Weso\u0142owski<\/figcaption><\/figure>\n\n\n\n<figure class=\"wp-block-image size-large\"><img loading=\"lazy\" decoding=\"async\" width=\"1024\" height=\"768\" data-id=\"76\" src=\"http:\/\/innyslask.pl\/wp-content\/uploads\/2022\/12\/Budynek_d._fabryki_mebli_Carla_Dominika_w_Tarn._Gorach-1024x768.jpg\" alt=\"\" class=\"wp-image-76\" srcset=\"https:\/\/innyslask.pl\/wp-content\/uploads\/2022\/12\/Budynek_d._fabryki_mebli_Carla_Dominika_w_Tarn._Gorach-1024x768.jpg 1024w, https:\/\/innyslask.pl\/wp-content\/uploads\/2022\/12\/Budynek_d._fabryki_mebli_Carla_Dominika_w_Tarn._Gorach-300x225.jpg 300w, https:\/\/innyslask.pl\/wp-content\/uploads\/2022\/12\/Budynek_d._fabryki_mebli_Carla_Dominika_w_Tarn._Gorach-768x576.jpg 768w, https:\/\/innyslask.pl\/wp-content\/uploads\/2022\/12\/Budynek_d._fabryki_mebli_Carla_Dominika_w_Tarn._Gorach-1536x1152.jpg 1536w, https:\/\/innyslask.pl\/wp-content\/uploads\/2022\/12\/Budynek_d._fabryki_mebli_Carla_Dominika_w_Tarn._Gorach-2048x1536.jpg 2048w\" sizes=\"auto, (max-width: 1024px) 100vw, 1024px\" \/><figcaption class=\"wp-element-caption\">fot. Gabriel Wilk<\/figcaption><\/figure>\n\n\n\n<figure class=\"wp-block-image size-large\"><img loading=\"lazy\" decoding=\"async\" width=\"1024\" height=\"576\" data-id=\"73\" src=\"http:\/\/innyslask.pl\/wp-content\/uploads\/2022\/12\/z28650298IEGGaleria-Sztuki-Inny-Slask-w-Tarnowskich-Gorach-1024x576.jpeg\" alt=\"\" class=\"wp-image-73\" srcset=\"https:\/\/innyslask.pl\/wp-content\/uploads\/2022\/12\/z28650298IEGGaleria-Sztuki-Inny-Slask-w-Tarnowskich-Gorach-1024x576.jpeg 1024w, https:\/\/innyslask.pl\/wp-content\/uploads\/2022\/12\/z28650298IEGGaleria-Sztuki-Inny-Slask-w-Tarnowskich-Gorach-300x169.jpeg 300w, https:\/\/innyslask.pl\/wp-content\/uploads\/2022\/12\/z28650298IEGGaleria-Sztuki-Inny-Slask-w-Tarnowskich-Gorach-768x432.jpeg 768w, https:\/\/innyslask.pl\/wp-content\/uploads\/2022\/12\/z28650298IEGGaleria-Sztuki-Inny-Slask-w-Tarnowskich-Gorach.jpeg 1200w\" sizes=\"auto, (max-width: 1024px) 100vw, 1024px\" \/><figcaption class=\"wp-element-caption\">Fot. Tomasz Pietrzyk \/ Agencja Wyborcza.pl<\/figcaption><\/figure>\n<\/figure>\n","protected":false},"excerpt":{"rendered":"<p>Maksyma zawarta w nazwie Galerii jest aktualna tak\u017ce dzisiaj. Galeria sztuki &#8220;Inny \u015al\u0105sk&#8221; zosta\u0142a za\u0142o\u017cona przez Krzysztofa Mazika w Tarnowskich G\u00f3rach w 1990 roku. Jest to jedna z najstarszych prywatnych galerii sztuki w Polsce, kt\u00f3ra dzia\u0142a nieprzerwanie. Galeria mie\u015bci si\u0119 w po\u0142udniowej cz\u0119\u015bci budynku dawnej fabryki mebli Carla Dominika. Wystr\u00f3j pomieszcze\u0144 jest dzie\u0142em Marka Wro\u0144skiego [&hellip;]<\/p>\n","protected":false},"author":1,"featured_media":0,"parent":0,"menu_order":0,"comment_status":"closed","ping_status":"open","template":"","meta":{"om_disable_all_campaigns":false,"_monsterinsights_skip_tracking":false,"_monsterinsights_sitenote_active":false,"_monsterinsights_sitenote_note":"","_monsterinsights_sitenote_category":0,"footnotes":""},"class_list":["post-2","page","type-page","status-publish","hentry"],"aioseo_notices":[],"_links":{"self":[{"href":"https:\/\/innyslask.pl\/index.php?rest_route=\/wp\/v2\/pages\/2","targetHints":{"allow":["GET"]}}],"collection":[{"href":"https:\/\/innyslask.pl\/index.php?rest_route=\/wp\/v2\/pages"}],"about":[{"href":"https:\/\/innyslask.pl\/index.php?rest_route=\/wp\/v2\/types\/page"}],"author":[{"embeddable":true,"href":"https:\/\/innyslask.pl\/index.php?rest_route=\/wp\/v2\/users\/1"}],"replies":[{"embeddable":true,"href":"https:\/\/innyslask.pl\/index.php?rest_route=%2Fwp%2Fv2%2Fcomments&post=2"}],"version-history":[{"count":14,"href":"https:\/\/innyslask.pl\/index.php?rest_route=\/wp\/v2\/pages\/2\/revisions"}],"predecessor-version":[{"id":171,"href":"https:\/\/innyslask.pl\/index.php?rest_route=\/wp\/v2\/pages\/2\/revisions\/171"}],"wp:attachment":[{"href":"https:\/\/innyslask.pl\/index.php?rest_route=%2Fwp%2Fv2%2Fmedia&parent=2"}],"curies":[{"name":"wp","href":"https:\/\/api.w.org\/{rel}","templated":true}]}}

<figure class="wp-block-pullquote alignwide has-large-font-size" style="border-radius:0px"><blockquote><p>Maksyma zawarta w nazwie Galerii jest aktualna także dzisiaj.</p></blockquote></figure>



<p>Galeria sztuki &#8220;Inny Śląsk&#8221; została założona przez Krzysztofa Mazika w Tarnowskich Górach w 1990 roku. Jest to jedna z najstarszych prywatnych galerii sztuki w Polsce, która działa nieprzerwanie. Galeria mieści się w południowej części budynku dawnej fabryki mebli Carla Dominika. Wystrój pomieszczeń jest dziełem Marka Wrońskiego oraz Wernera Lubosa. <br><br>Galeria jest żywym miejscem spotkań otwartym na wszystkie formy sztuki. <br>W jej przestrzeniach jest realizowane jest około 10 wystaw rocznie, ze szczególnym uwzględnieniem panoramy artystów ze Śląska. Dominują indywidualne wystawy malarstwa i fotografii. Poza działalnością wystawienniczą, w organizowane są także spotkania literackie, pokazy filmowe, koncerty (dominują jazz, blues, rock) i debaty wokół ważnych spraw społecznych dla miasta i regionu. To także miejsce o walorach edukacyjnych, z którego korzystają uczniowie tarnogórskich szkół. </p>



<p>W Galerii swoje prace prezentowali m.in.: Roman Nowotarski, Joanna Furgalińska, Aleksandra Kozera, Edward Inglot, Pavel Hlavaty, Andrzej Tobis.</p>



<p class="has-link-color wp-elements-a5af124c7f28b4fb7c9de49352f64f51">Wśród muzyków, którzy występowali w Galerii można wymienić twórców takich jak: Antoni Gralak, Wojciech Karolak, Leszek Możdżer, Krystyna Prońko, Tomasz Stańko, Krzysztof Ścierański, José Torres, Tymon Tymański.<br><br>Galeria posiada w komisie wiele prac współczesnych artystów, zapraszamy do zapoznania się z zakładką <a href="https://innyslask.pl/?page_id=62" target="_blank" rel="noopener" title="">komis</a> lub umówienia indywidualnej wizyty.</p>



<figure class="wp-block-image size-large"><img loading="lazy" decoding="async" width="1024" height="622" src="http://innyslask.pl/wp-content/uploads/2022/12/Galeria-na-zewnatrz-1024x622.jpeg" alt="" class="wp-image-54" srcset="https://innyslask.pl/wp-content/uploads/2022/12/Galeria-na-zewnatrz-1024x622.jpeg 1024w, https://innyslask.pl/wp-content/uploads/2022/12/Galeria-na-zewnatrz-300x182.jpeg 300w, https://innyslask.pl/wp-content/uploads/2022/12/Galeria-na-zewnatrz-768x467.jpeg 768w, https://innyslask.pl/wp-content/uploads/2022/12/Galeria-na-zewnatrz.jpeg 1507w" sizes="auto, (max-width: 1024px) 100vw, 1024px" /></figure>



<p class="has-x-large-font-size">Krzysztof Mazik</p>



<p><em>Urodzony w 1949 w Dzierżoniowie. Pomysłodawca i właściciel Galerii Sztuki &#8220;Inny Śląsk&#8221;, animator kultury, inicjator niezliczonej ilości wystaw, koncertów, spotkań z poetami i niezwykłymi postaciami ze świata kultury i polityki, felietonista, społecznik, przyjaciel artystów ,„kolorowych ptaków”, ludzi. Orędownik wielu arcyciekawych inicjatyw lokalnych min. „</em>S<em>zlaku odrestaurowanych pałacyków i zabytków rodu Donnesmarcków”, wolontariusz organizacji pozarządowych. Obywatel. Wolny i świadomy człowiek, któremu nieobojętny jest świat, który go otacza. Miłośnik i znawca Śląska i śląskości. Taternik jaskiniowy, czyli grotołaz, prywatnie mąż Aleksandry i ojciec trójki dorosłych już pociech: dwóch córek i syna.</em><br><em>Przeczytaj biografię Krzysztofa Mazika także na stronie <a href="https://encysol.pl/es/encyklopedia/biogramy/17577,Mazik-Krzysztof.html">Encyklopedii Solidarności</a>.</em></p>



<figure class="wp-block-gallery alignwide has-nested-images columns-default is-cropped wp-block-gallery-1 is-layout-flex wp-block-gallery-is-layout-flex">
<figure class="wp-block-image size-large"><img loading="lazy" decoding="async" width="1024" height="740" data-id="64" src="http://innyslask.pl/wp-content/uploads/2022/12/151016-1840-38-1024x740.jpg" alt="" class="wp-image-64" srcset="https://innyslask.pl/wp-content/uploads/2022/12/151016-1840-38-1024x740.jpg 1024w, https://innyslask.pl/wp-content/uploads/2022/12/151016-1840-38-300x217.jpg 300w, https://innyslask.pl/wp-content/uploads/2022/12/151016-1840-38-768x555.jpg 768w, https://innyslask.pl/wp-content/uploads/2022/12/151016-1840-38.jpg 1200w" sizes="auto, (max-width: 1024px) 100vw, 1024px" /><figcaption class="wp-element-caption">fot. Adam Walanus</figcaption></figure>



<figure class="wp-block-image size-large"><img loading="lazy" decoding="async" width="1024" height="735" data-id="66" src="http://innyslask.pl/wp-content/uploads/2022/12/Otwarcie-wystawy-w-Galerii-1024x735.jpg" alt="" class="wp-image-66" srcset="https://innyslask.pl/wp-content/uploads/2022/12/Otwarcie-wystawy-w-Galerii-1024x735.jpg 1024w, https://innyslask.pl/wp-content/uploads/2022/12/Otwarcie-wystawy-w-Galerii-300x215.jpg 300w, https://innyslask.pl/wp-content/uploads/2022/12/Otwarcie-wystawy-w-Galerii-768x551.jpg 768w, https://innyslask.pl/wp-content/uploads/2022/12/Otwarcie-wystawy-w-Galerii.jpg 1200w" sizes="auto, (max-width: 1024px) 100vw, 1024px" /><figcaption class="wp-element-caption">fot. Adam Walanus</figcaption></figure>



<figure class="wp-block-image size-large"><img loading="lazy" decoding="async" width="1024" height="412" data-id="72" src="http://innyslask.pl/wp-content/uploads/2022/12/001-1024x412.jpeg" alt="" class="wp-image-72" srcset="https://innyslask.pl/wp-content/uploads/2022/12/001-1024x412.jpeg 1024w, https://innyslask.pl/wp-content/uploads/2022/12/001-300x121.jpeg 300w, https://innyslask.pl/wp-content/uploads/2022/12/001-768x309.jpeg 768w, https://innyslask.pl/wp-content/uploads/2022/12/001-1536x618.jpeg 1536w, https://innyslask.pl/wp-content/uploads/2022/12/001.jpeg 1600w" sizes="auto, (max-width: 1024px) 100vw, 1024px" /><figcaption class="wp-element-caption">fot. Marek Wesołowski </figcaption></figure>



<figure class="wp-block-image size-large"><img loading="lazy" decoding="async" width="1024" height="683" data-id="71" src="http://innyslask.pl/wp-content/uploads/2022/12/2-1024x683.jpeg" alt="" class="wp-image-71" srcset="https://innyslask.pl/wp-content/uploads/2022/12/2-1024x683.jpeg 1024w, https://innyslask.pl/wp-content/uploads/2022/12/2-300x200.jpeg 300w, https://innyslask.pl/wp-content/uploads/2022/12/2-768x512.jpeg 768w, https://innyslask.pl/wp-content/uploads/2022/12/2.jpeg 1200w" sizes="auto, (max-width: 1024px) 100vw, 1024px" /><figcaption class="wp-element-caption">fot. Adam Walanus</figcaption></figure>



<figure class="wp-block-image size-large"><img loading="lazy" decoding="async" width="1024" height="565" data-id="75" src="http://innyslask.pl/wp-content/uploads/2022/12/009-1024x565.jpeg" alt="" class="wp-image-75" srcset="https://innyslask.pl/wp-content/uploads/2022/12/009-1024x565.jpeg 1024w, https://innyslask.pl/wp-content/uploads/2022/12/009-300x166.jpeg 300w, https://innyslask.pl/wp-content/uploads/2022/12/009-768x424.jpeg 768w, https://innyslask.pl/wp-content/uploads/2022/12/009.jpeg 1444w" sizes="auto, (max-width: 1024px) 100vw, 1024px" /><figcaption class="wp-element-caption">fot. Marek Wesołowski</figcaption></figure>



<figure class="wp-block-image size-large"><img loading="lazy" decoding="async" width="1024" height="768" data-id="76" src="http://innyslask.pl/wp-content/uploads/2022/12/Budynek_d._fabryki_mebli_Carla_Dominika_w_Tarn._Gorach-1024x768.jpg" alt="" class="wp-image-76" srcset="https://innyslask.pl/wp-content/uploads/2022/12/Budynek_d._fabryki_mebli_Carla_Dominika_w_Tarn._Gorach-1024x768.jpg 1024w, https://innyslask.pl/wp-content/uploads/2022/12/Budynek_d._fabryki_mebli_Carla_Dominika_w_Tarn._Gorach-300x225.jpg 300w, https://innyslask.pl/wp-content/uploads/2022/12/Budynek_d._fabryki_mebli_Carla_Dominika_w_Tarn._Gorach-768x576.jpg 768w, https://innyslask.pl/wp-content/uploads/2022/12/Budynek_d._fabryki_mebli_Carla_Dominika_w_Tarn._Gorach-1536x1152.jpg 1536w, https://innyslask.pl/wp-content/uploads/2022/12/Budynek_d._fabryki_mebli_Carla_Dominika_w_Tarn._Gorach-2048x1536.jpg 2048w" sizes="auto, (max-width: 1024px) 100vw, 1024px" /><figcaption class="wp-element-caption">fot. Gabriel Wilk</figcaption></figure>



<figure class="wp-block-image size-large"><img loading="lazy" decoding="async" width="1024" height="576" data-id="73" src="http://innyslask.pl/wp-content/uploads/2022/12/z28650298IEGGaleria-Sztuki-Inny-Slask-w-Tarnowskich-Gorach-1024x576.jpeg" alt="" class="wp-image-73" srcset="https://innyslask.pl/wp-content/uploads/2022/12/z28650298IEGGaleria-Sztuki-Inny-Slask-w-Tarnowskich-Gorach-1024x576.jpeg 1024w, https://innyslask.pl/wp-content/uploads/2022/12/z28650298IEGGaleria-Sztuki-Inny-Slask-w-Tarnowskich-Gorach-300x169.jpeg 300w, https://innyslask.pl/wp-content/uploads/2022/12/z28650298IEGGaleria-Sztuki-Inny-Slask-w-Tarnowskich-Gorach-768x432.jpeg 768w, https://innyslask.pl/wp-content/uploads/2022/12/z28650298IEGGaleria-Sztuki-Inny-Slask-w-Tarnowskich-Gorach.jpeg 1200w" sizes="auto, (max-width: 1024px) 100vw, 1024px" /><figcaption class="wp-element-caption">Fot. Tomasz Pietrzyk / Agencja Wyborcza.pl</figcaption></figure>
</figure>

<p>Maksyma zawarta w nazwie Galerii jest aktualna także dzisiaj. Galeria sztuki &#8220;Inny Śląsk&#8221; została założona przez Krzysztofa Mazika w Tarnowskich Górach w 1990 roku. Jest to jedna z najstarszych prywatnych galerii sztuki w Polsce, która działa nieprzerwanie. Galeria mieści się w południowej części budynku dawnej fabryki mebli Carla Dominika. Wystrój pomieszczeń jest dziełem Marka Wrońskiego [&hellip;]</p>
